er when 95 is divided by s.
21
Let x = 46 + -50. Let u(z) = 7*z**2 - 6*z - 9. Calculate the remainder when u(x) is divided by 26.
23
Let x(n) = 5*n**2 - 19*n - 106. Calculate the remainder when x(-6) is divided by 16.
12
Suppose 8 = -l - 2*b, -2*l + 7 = -b - 2. Suppose 3 = -5*f - l. Calculate the remainder when f/(-3)*(-84)/(-4) is divided by 3.
1
Suppose 0 = 3*x + 6 - 12. Let k be x/(-9)*3*-39. Suppose 0 = -2*z + 3*m + 15, 3*z + 3 = 5*m + k. What is the remainder when 22 is divided by z?
4
Suppose -3*i + 7*f - 9 = 2*f, 5*i = -2*f + 16. Suppose 0*y + 49 = 2*y - 5*w, -i*y + 2*w = -52. Calculate the remainder when y is divided by 7.
6
Let q be (0/3 + 1)/((-1)/(-15)). Suppose -t + 0*t = -q. Calculate the remainder when 41 is divided by t.
11
Suppose 3*d = -4*b - 2*d + 722, -3*b = d - 536. Suppose -5*n = 73 - b. Calculate the remainder when 82 is divided by n.
19
Let f = -907 - -932. What is the remainder when 548 is divided by f?
23
Suppose 20*b - n = 24*b - 63, 4*b = 4*n + 88. What is the remainder when b is divided by 13?
4
Suppose 0 = n - 2*n + 37. Let x(g) = 14*g**2 - 9*g + 8. What is the remainder when n is divided by x(1)?
11
Let y = 10 + 1. Let k = 13 - y. Suppose k*c - 28 = -0*c. Calculate the remainder when 40 is divided by c.
12
Let t(m) = 56*m - 422. Let k be (-1)/(-2 - 30/(-14)). Let d(c) = -8*c - 7. What is the remainder when d(k) is divided by t(8)?
23
Suppose -5*n - 3 = 2. Calculate the remainder when -6*((-2)/n + 32/(-6)) is divided by 11.
9
Suppose -47*w = -275 - 148. Calculate the remainder when 10 is divided by w.
1
Calculate the remainder when -292*(-8)/64*(-4 - -6) is divided by 3.
1
Suppose -129*r + 1088 = -1750. Let q(l) = -l**3 - 3*l**2 - 2*l + 5. Calculate the remainder when q(-5) is divided by r.
21
Calculate the remainder when 135 is divided by 6/15 - 692/(-20).
30
Suppose 0*r = -r + 5*k + 13, 0 = 3*r + 3*k - 21. What is the remainder when 25 is divided by (-26)/r*(-44)/11?
12
Let i = -246 + 274. What is the remainder when 418 is divided by i?
26
Let p = 386 + -361. Let n = 234 + -137. What is the remainder when n is divided by p?
22
Calculate the remainder when 560/6 + (-2)/6 is divided by 17.
8
Suppose 0 = -5*l - 7*l. What is the remainder when 165 is divided by (-4)/(-12) + l + 355/15?
21
Suppose 4*f + 0*f - 40 = 0. Suppose d + 3*s = f, 0*d + 2*s = -5*d + 37. Suppose 3*b - 48 = -13*b. Calculate the remainder when d is divided by b.
1
Let i = 3 - 5. Suppose -5*t = -2*a - 15, 2*t - 10 = 3*a + 7. Calculate the remainder when ((-1)/i + 0)*2 is divided by t.
0
Suppose 0 = 10*v - 25 - 5. Suppose -3*i - 2*u = -47, i - 21 = 5*u - v*u. Calculate the remainder when 23 is divided by i.
6
Suppose 18*n - 14*n = -4*s + 988, 4*n = 4*s - 956. What is the remainder when s is divided by 35?
33
Let k = 0 + 12. Let m = 15 - k. Suppose -b - 12 = -m*b. What is the remainder when b is divided by 3?
0
Suppose 0 = 8*k - 748 + 52. What is the remainder when k is divided by 24?
15
Suppose -4*x + 7*x = -69. Let d = 21 + x. What is the remainder when 56/d*9/(-4) is divided by 11?
8
Suppose 4*n = -5*k + 12, 0 = -n + 5*k - 4 + 32. What is the remainder when 191 is divided by n?
7
Let w(z) = -z**3 - 4*z**2 + 9*z + 35. Let q(x) = 3*x**2 + 3*x - 9. What is the remainder when q(6) is divided by w(-5)?
12
Suppose 78*z - 62*z - 2864 = 0. What is the remainder when z is divided by 12?
11
Let t = 22 - 89. Let f = 89 + t. What is the remainder when 80 is divided by f?
14
Calculate the remainder when 152 is divided by (-8)/5 + (-13855)/(-425).
28
Suppose -4*j - 63 = 5*f, 5*j + 6*f = 3*f - 82. Let l(k) = -5*k - 20. What is the remainder when l(j) is divided by 33?
32
Suppose 0 = 3*l + i - 57, -4*l + 52 = -2*i - 24. What is the remainder when 53 is divided by l?
15
Suppose -495 + 369 = -14*k. Let x = -83 + 145. What is the remainder when x is divided by k?
8
Calculate the remainder when -4 - 3 - 6/(-1) - -45 is divided by 13.
5
Suppose 0 = 10*u - 11*u - 2, -4*u + 85 = g. What is the remainder when g is divided by 8?
5
Suppose -4*q = 3*a - 205, -a + 16*q + 79 = 12*q. Calculate the remainder when 2626 is divided by a.
70
Let u = 45 - 26. What is the remainder when 116/28 + -5 - 6120/(-84) is divided by u?
15
Let k(p) = p**2 + 14*p + 9. Let w(r) = -r**2 - 14*r - 10. Let a(o) = 3*k(o) + 2*w(o). Calculate the remainder when 27 is divided by a(-14).
6
Suppose -5*c = 4*j - 42, 3*c - 7 = -4*j + 23. Calculate the remainder when 10 is divided by c - (3 + -2 - -1).
2
Let n(q) = q**3 + 6*q**2 + 6*q + 4. Suppose -54 = -r + 38. What is the remainder when r/(-4)*(-6 - -4) is divided by n(-4)?
10
Let l = -599 + 868. Calculate the remainder when l is divided by 16.
13
Let o = -111 + 124. Let i(h) = -h**3 + 13*h**2 + h + 1. What is the remainder when 19 is divided by i(o)?
5
What is the remainder when 64/48*(-219)/(-4) is divided by 40?
33
Suppose -4*s + 310 = g, 0 = -3*s - s + 5*g + 322. Suppose 26 = -2*t + s. Suppose 53*k + 35 = 58*k. Calculate the remainder when t is divided by k.
5
Let x(t) = -11*t**3 - 4*t**2 - 2*t + 2. Calculate the remainder when x(-2) is divided by 40.
38
Let a = 12 + -5. Suppose -3 = m + a. Let p = 10 - m. Calculate the remainder when 77 is divided by p.
17
Let x(u) = -43*u**2 - 7*u - 2*u + 42*u**2 - 6. Let j(l) = -2*l**3 - l. Calculate the remainder when j(-1) is divided by x(-8).
1
Suppose -18 = -a - 20. Let z(c) = -3*c**3 - 3*c - 3. What is the remainder when 132 is divided by z(a)?
24
Suppose 0 = -w - 4 + 34. Suppose -6*x + 121 = -4*x - p, -2*x + 115 = p. Calculate the remainder when x is divided by w.
29
Calculate the remainder when -7 + 7 - -1*(203 - 1) is divided by 51.
49
Let p(x) = 16*x**2 + 3*x + 1. Calculate the remainder when (-156)/(-4)*(-2)/(-3) is divided by p(-1).
12
Suppose 18 = 5*v - 6*h + 4*h, 0 = -v - 4*h - 14. Suppose -24 = -v*s - 0*s + 4*m, -15 = 3*m. Suppose 2 + 2 = 2*z. Calculate the remainder when z is divided by s.
0
Suppose -4*g + 1 = -j, -2*g - 2*j = 3*j - 17. Calculate the remainder when 21 is divided by 3 + g - 42/(-6).
10
Suppose w = -u + 13, 3*w = 4*u + w - 52. Let k = 48 - 46. Suppose 23 = 3*f + k. Calculate the remainder when u is divided by f.
6
Suppose 0*f = 5*f + 25. Let w(m) be the second derivative of -m**3/3 + 3*m**2 - 17*m - 3. What is the remainder when w(f) is divided by 5?
1
Let m = 2472 - 2442. What is the remainder when 110 is divided by m?
20
Let j = 158 - 44. What is the remainder when j is divided by 5?
4
Let u(z) = -z + 8. Let i be u(6). Suppose 3*j + i*n - 5*n = 57, 5*j - 2*n - 110 = 0. Calculate the remainder when 44 is divided by j.
20
Let b = -27 + 34. Suppose -10*o + b*o = -54. What is the remainder when 49 is divided by o?
13
Suppose 2*p - 50 = p. Let r(s) = -5*s - 1. Let b be r(-5). Suppose -b - 41 = -5*j. What is the remainder when p is divided by j?
11
Let r(l) = l**3 + 11*l**2 - 2*l - 11. Let u be r(-8). Let m = u - 124. What is the remainder when m is divided by 15?
13
Let w = 39 + -24. Let c(v) = 2*v**2 - 7*v - 41. Calculate the remainder when c(-6) is divided by w.
13
Let h(u) = 3*u**3 + 65*u**2 - 26*u - 62. Calculate the remainder when h(-22) is divided by 18.
8
Let v = 1266 + -718. What is the remainder when v is divided by 29?
26
Calculate the remainder when 88 is divided by 9/(13/4 + 5 + -8).
16
Suppose 7*j = -2*z + 3*j + 650, -5*j = z - 340. Calculate the remainder when z is divided by 17.
9
Suppose 4*x + 31 = w, w = 2*x - 4*x + 25. Suppose 7*t - w - 99 = 0. Calculate the remainder when 53 is divided by t.
17
Calculate the remainder when 525 is divided by (-7 - -4)/(28/34 + -1).
15
Let n(l) = -9*l. Let m be 6 - 30/(5 + 1). What is the remainder when n(-3) is divided by 6*m/45 - 515/(-75)?
6
Suppose 3*m - 4*m = -16. Let o be -7*(m/(-28) - 0). What is the remainder when (-30)/o*(-80)/30 is divided by 12?
8
Suppose -20*x = -11 - 309. Calculate the remainder when 138 is divided by x.
10
Suppose 5*a = 2*a - 3*n + 111, -n - 95 = -3*a. What is the remainder when a is divided by (74/111)/((-1)/(-27))?
15
Suppose 3*v = 5*u - 39, -6 = -4*u - 2*v + 34. Let a = u + 15. What is the remainder when 93 is divided by a?
21
Let t = 13 + 2. Let a be 890/(-25) - 6/t. Let g = 54 + a. Calculate the remainder when 34 is divided by g.
16
Let o(l) = 6*l. Let c be o(1). Suppose -9*y = -c*y - 99. Calculate